23
What is 32c7 (base 16) in base 9?
18743
What is 5716214 (base 10) in base 11?
3254749
Convert -196160 (base 11) to base 4.
-1021133001
Convert -36daa (base 14) to base 12.
-6594a
Convert 11323100003 (base 4) to base 9.
2826782
What is -11d106 (base 16) in base 6?
-41005354
Convert -2484512 (base 9) to base 8.
-5126222
Convert -5af7ca (base 16) to base 5.
-3011233144
What is -2422704 (base 11) in base 16?
-4064d9
Convert 31505425 (base 8) to base 16.
668b15
What is -2b6333 (base 15) in base 12?
-851386
-32110113 (base 4) to base 8
-162427
What is 756075 (base 9) in base 16?
6e01e
1012000021112 (base 3) to base 16
99d2b
Convert -22c49 (base 13) to base 7.
-353303
a552 (base 12) to base 11
12630
Convert -41cdc (base 16) to base 2.
-1000001110011011100
194077 (base 12) to base 8
1540133
-3041020324 (base 5) to base 10
-6188839
100100010000110000 (base 2) to base 10
148528
-2553018 (base 9) to base 4
-11110013300
-1221010 (base 6) to base 2
-1111110111111110
Convert -220002112022110 (base 3) to base 7.
-213556365
What is 90051a (base 11) in base 9?
2650125
Convert a7526 (base 11) to base 9.
257433
Convert 2035440 (base 11) to base 4.
31231133310
What is -110011010000100000101 (base 2) in base 9?
-3140005
Convert -136369d (base 14) to base 4.
-203302302023
What is 154735 (base 9) in base 3?
11211211012
-26633040 (base 7) to base 5
-1112241312
What is -26dc2 (base 15) in base 3?
-20022221002
-140444135 (base 6) to base 9
-5303035
23434314 (base 5) to base 3
102002011012
Convert 145750 (base 9) to base 12.
439a6
27a7c4 (base 13) to base 4
3223303002
2122234 (base 6) to base 8
313416
Convert -11011101010010110110 (base 2) to base 10.
-906422
Convert -41957 (base 11) to base 9.
-102658
Convert -378558 (base 11) to base 10.
-596956
-2803207 (base 9) to base 15
-2058da
Convert 342316 (base 7) to base 16.
edc7
What is -378fb (base 16) in base 2?
-110111100011111011
What is 14211 (base 8) in base 11?
47a0
361122 (base 11) to base 13
170757
Convert 100010010111000001 (base 2) to base 16.
225c1
What is -21201120201210 (base 3) in base 12?
-145ba79
What is 3de777 (base 16) in base 13?
ac0782
What is 5154814 (base 9) in base 7?
32253115
What is 12c13 (base 14) in base 9?
70424
Convert 1842019 (base 10) to base 11.
1048a33
Convert -224534 (base 12) to base 10.
-546808
Convert 24241700 (base 9) to base 6.
1101414300
Convert -110101100001101001101 (base 2) to base 14.
-33928d
What is -b818 (base 16) in base 6?
-1002104
50178 (base 11) to base 12
36597
What is -37ec9 (base 15) in base 11?
-112401
1403646 (base 7) to base 12
8b936
667a25 (base 15) to base 3
100012020012122
What is -154785 (base 10) in base 5?
-14423120
What is -34597a8 (base 11) in base 16?
-5c3d6c
What is -43037134 (base 8) in base 11?
-5208379
Convert -101000001000101110 (base 2) to base 14.
-43caa
What is 111010101000001011101 (base 2) in base 10?
1921117
What is -1531156 (base 7) in base 6?
-4253024
What is 1011102200 (base 3) in base 5?
1213124
Convert -65a26 (base 11) to base 16.
-175fb
Convert 11072777 (base 9) to base 11.
3032969
What is -4b903b (base 12) in base 7?
-13350212
-807478 (base 13) to base 9
-5551631
716c6 (base 14) to base 12
111ba6
What is 2334303412 (base 5) in base 4?
110202222121
2200201101002 (base 3) to base 15
1d414e
122001000111222 (base 3) to base 7
136651061
What is -10110330300 (base 4) in base 3?
-2010122002020
Convert -100012301 (base 4) to base 8.
-200661
12515522 (base 7) to base 15
179dd8
What is -462225 (base 8) in base 4?
-212102111
Convert -23a758 (base 11) to base 4.
-1130311111
-38a801 (base 12) to base 4
-3203100001
Convert -1111101101010011110 (base 2) to base 3.
-222011001122
What is -1004442 (base 9) in base 6?
-15243315
Convert -13747125 (base 9) to base 15.
-8eb55b
49ed1 (base 15) to base 3
110000000221
-1d8f0 (base 16) to base 8
-354360
Convert -1b77b (base 16) to base 8.
-333573
Convert -1887c2 (base 15) to base 14.
-230b5a
-707764 (base 8) to base 12
-b3130
Convert -434875 (base 11) to base 3.
-1022021200021
What is -10120100021 (base 3) in base 10?
-70234
What is -343224433 (base 5) in base 16?
-177d28
4c8c97 (base 14) to base 9
4857814
What is 41334234 (base 5) in base 7?
2614043
-3103360 (base 9) to base 15
-22a956
Convert 32154034 (base 6) to base 9.
1704684
Convert -5626054 (base 7) to base 11.
-4359a5
-103020 (base 7) to base 11
-12458
Convert 46c9e (base 15) to base 2.
110111000100111111
Convert 26022b7 (base 13) to base 12.
3b92756
Convert -1130036 (base 7) to base 5.
-14013221
70583 (base 12) to base 14
3b2a7
What is 1461760 (base 10) in base 4?
11210320000
-d948a (base 16) to base 5
-211434434
-13150266 (base 8) to base 5
-1222441024
Convert -231023320 (base 5) to base 3.
-1221110221210
Convert 20020121010 (base 3) to base 8.
360033
Convert 33474 (base 13) to base 3.
11201122010
What is 121200202121102 (base 3) in base 10?
8872373
Convert 173347 (base 9) to base 15.
21c84
What is 223131123 (base 4) in base 6?
3452043
What is 29391a6 (base 12) in base 4?
133213303032
Convert 4403413 (base 6) to base 4.
311112201
What is 5717530 (base 8) in base 2?
101111001111101011000
What is 1002310 (base 5) in base 2?
11111001010011
Convert -33154 (base 6) to base 13.
-2134
What is 2121052 (base 9) in base 3?
2010201001202
What is 1560436 (base 7) in base 11?
138579
What is 1100000111010001000 (base 2) in base 3?
202011111100
-10101111111110010 (base 2) to base 15
-1ba68
534524532 (base 6) to base 9
18728312
What is 2785 (base 16) in base 12?
5a31
What is 13700357 (base 8) in base 11?
1836aa1
What is 135bb (base 13) in base 9?
54527
Convert -197618 (base 11) to base 15.
-5eb22
Convert -154312232 (base 6) to base 5.
-1320303233
Convert -39b326 (base 12) to base 6.
-32230050
-123104401 (base 5) to base 10
-597476
What is 1113211211 (base 4) in base 7?
3022640
What is 1295a3 (base 11) in base 10?
203030
210221220020 (base 3) to base 7
3450060
What is 44100431 (base 5) in base 3?
201012211221
What is -1a33676 (base 11) in base 7?
-41106215
Convert -4ca3a (base 15) to base 2.
-111011111000111001
What is -2432240 (base 5) in base 9?
-70020
What is -36ed67 (base 15) in base 3?
-11221201121221
Convert -1113868 (base 11) to base 15.
-2886c8
-5513516 (base 7) to base 14
-1384b6
What is a757 (base 11) in base 15?
432e
311152511 (base 6) to base 8
24414333
-101200012211010 (base 3) to base 14
-a79586
What is -22430051 (base 6) in base 16?
-a804f
Convert -246288 (base 9) to base 14.
-3c3dc
Convert -31c6c (base 13) to base 11.
-61687
Convert -17b143b (base 14) to base 4.
-230231130031
-978cde (base 16) to base 12
-33ab826
What is 554d6 (base 14) in base 4?
302132310
Convert -6138228 (base 10) to base 16.
-5da974
Convert 2010101222122 (base 3) to base 9.
2111878
12b08 (base 14) to base 12
227b0
Convert -17317122 (base 8) to base 14.
-77192a
What is -42132 (base 10) in base 14?
-114d6
What is 1001101100111011 (base 2) in base 10?
39739
-14220251 (base 7) to base 3
-2111201002212
What is 253213203 (base 6) in base 10?
4916451
-99d01 (base 14) to base 10
-372989
12311022 (base 7) to base 10
1112022
Convert 1010110101000001001 (base 2) to base 14.
93449
Convert 669786 (base 12) to base 7.
16614024
What is 903aa8 (base 11) in base 15?
1db0a5
Convert 211120212001 (base 3) to base 16.
6c8a7
What is -12adb4 (base 14) in base 11?
-4004a4
Convert 10114013 (base 5) to base 14.
22047
Convert -10233313121 (base 4) to base 7.
-13402445
-13479a7 (base 12) to base 4
-32212303033
Convert -1031202 (base 5) to base 4.
-10110031
What is -122220110 (base 4) in base 8?
-325024
Convert 13125346 (base 7) to base 16.
124f7b
Convert 314e8a (base 15) to base 8.
10745072
What is 1a29a86 (base 11) in base 8?
15040574
What is 3c2c61 (base 13) in base 3?
2202100000100
-1ce75 (base 16) to base 3
-20000101210
Convert -1111000000110011100 (base 2) to base 7.
-4116130
Convert 17b78 (base 13) to base 16.
b34a
What is -2540613 (base 10) in base 15?
-352b93
Convert 1534306 (base 7) to base 5.
23213122
-1755695 (base 11) to base 4
-23113130120
9337 (base 10) to base 3
110210211
2ab675 (base 14) to base 3
2210202122021
What is -6bad (base 14) in base 15?
-5868
Convert 10120202202 (base 3) to base 6.
1302332
Convert -490434 (base 13) to base 11.
-a90551
What is -75852 (base 16) in base 13?
-13b13b
Con